{"id":4425,"date":"2024-06-17T15:08:49","date_gmt":"2024-06-17T15:08:49","guid":{"rendered":"https:\/\/soyecoturista.com\/ecoturismocientifico\/?post_type=portfolio&#038;p=4425"},"modified":"2024-06-26T16:56:16","modified_gmt":"2024-06-26T16:56:16","slug":"jornada-de-conservacion-del-quebrantahuesos-en-liebana","status":"publish","type":"portfolio","link":"https:\/\/soyecoturista.com\/ecoturismocientifico\/fundacion\/jornada-de-conservacion-del-quebrantahuesos-en-liebana\/","title":{"rendered":"Jornada de conservaci\u00f3n del Quebrantahuesos en Li\u00e9bana y Picos de Europa"},"content":{"rendered":"\t\t<div data-elementor-type=\"wp-post\" data-elementor-id=\"4425\" class=\"elementor elementor-4425\">\n\t\t\t\t\t\t\t\t\t<section class=\"elementor-section elementor-top-section elementor-element elementor-element-5b078dde elementor-section-boxed elementor-section-height-default elementor-section-height-default\" data-id=\"5b078dde\" data-element_type=\"section\">\n\t\t\t\t\t\t<div class=\"elementor-container elementor-column-gap-default\">\n\t\t\t\t\t<div class=\"elementor-column elementor-col-100 elementor-top-column elementor-element elementor-element-1108d075\" data-id=\"1108d075\" data-element_type=\"column\">\n\t\t\t<div class=\"elementor-widget-wrap elementor-element-populated\">\n\t\t\t\t\t\t\t\t<div class=\"elementor-element elementor-element-25842770 elementor-invisible elementor-widget elementor-widget-pix-feature-list\" data-id=\"25842770\" data-element_type=\"widget\" data-widget_type=\"pix-feature-list.default\">\n\t\t\t\t<div class=\"elementor-widget-container\">\n\t\t\t<div id=\"duo-icon-179449216\" class=\"slide-in-container w-100  \" ><div class=\"py-2 animate-in\" data-anim-type=\"fade-in-up\" data-anim-delay=\"0\"><div class=\"pix-feature-list text-18       py-2 d-flex align-items-center\" ><i class=\"pixicon-map-pin-1-circle mr-2 text-primary\" ><\/i><span class=\"text-dark-opacity-5\">Li\u00e9bana. Parque Nacional Picos de Europa. Vertiente C\u00e1ntabra. ZEC Li\u00e9bana.<\/span><\/div><div class=\"pix-feature-list text-18       py-2 d-flex align-items-center\" ><i class=\"pixicon-note-edit mr-2 text-primary\" ><\/i><span class=\"text-dark-opacity-5\"><p class=\"text-dark-opacity-5\"><strong>Descripci\u00f3n de la Experiencia: <\/strong>Jornada en la que conoceremos los espacios naturales de Picos de Europa y Li\u00e9bana a trav\u00e9s del proyecto de conservaci\u00f3n y recuperaci\u00f3n del quebrantahuesos.<\/p> <p class=\"text-dark-opacity-5\">Acompa\u00f1aremos a los t\u00e9cnicos de la Fundaci\u00f3n para la conservaci\u00f3n del Quebrantahuesos en su trabajo de seguimiento de este buitre barbado, donde nos contar\u00e1n la historia de \u00e9xito de su reintroducci\u00f3n en la Cordillera Can-t\u00e1brica.<\/p> <p class=\"text-dark-opacity-5\">Para completar la jornada, realizaremos una actividad de avistamiento de avifauna por los dominios del quebrantahuesos, descubriendo la gran diversidad de la comarca de Li\u00e9bana.<\/strong><\/span><\/div><div class=\"pix-feature-list text-18       py-2 d-flex align-items-center\" ><i class=\"pixicon-handshake mr-2 text-primary\" ><\/i><span class=\"text-dark-opacity-5\"><strong>Servicios Incluidos: <\/strong>Actividad acompa\u00f1ada del t\u00e9cnico de la FCQ (2-3h). Ruta guiada de avistamiento de aves con gu\u00eda experta (2-3h). Pr\u00e9stamo de material \u00f3ptico y material divulgativo.<\/span><\/div><div class=\"pix-feature-list text-18       py-2 d-flex align-items-center\" ><i class=\"pixicon-clipboard-plus mr-2 text-primary\" ><\/i><span class=\"text-dark-opacity-5\"><strong>Servicio adicional transfer:<\/strong> Desplazamiento a la zona de realizaci\u00f3n de la actividad.<\/span><\/div><div class=\"pix-feature-list text-18       py-2 d-flex align-items-center\" ><a class=\"d-flex align-items-center\" href=\"https:\/\/www.lodgecampanariosdeazaba.com\/contact\/\" target=\"_self\"><i class=\"pixicon-money2 mr-2 text-primary\" ><\/i><span class=\"text-dark-opacity-5\"><strong>Precio por persona: <\/strong>consultar<\/span><\/a><\/div><div class=\"pix-feature-list text-18       py-2 d-flex align-items-center\" ><i class=\"pixicon-users-1 mr-2 text-primary\" ><\/i><span class=\"text-dark-opacity-5\">M\u00ednimo 2 personas y m\u00e1ximo 8 personas<\/span><\/div><div class=\"pix-feature-list text-18       py-2 d-flex align-items-center\" ><i class=\"pixicon-calendar mr-2 text-primary\" ><\/i><span class=\"text-dark-opacity-5\"><strong>\u00c9poca del a\u00f1o recomendada: <\/strong>De abril a octubre.<\/span><\/div><div class=\"pix-feature-list text-18       py-2 d-flex align-items-center\" ><i class=\"pixicon-network mr-2 text-primary\" ><\/i><span class=\"text-dark-opacity-5\"><strong>Adaptaci\u00f3n a p\u00fablico: <\/strong>Todos los p\u00fablicos. Adaptada a p\u00fablico familiar (recomendado ni\u00f1os mayores de 10 a\u00f1os), no adaptado a discapacidad motora.<\/span><\/div><div class=\"pix-feature-list text-18       py-2 d-flex align-items-center\" ><i class=\"pixicon-heart mr-2 text-primary\" ><\/i><span class=\"text-dark-opacity-5\"><strong>Compromiso Ecoturista: <\/strong>Compensaci\u00f3n de huella de carbono. Se ofrecer\u00e1 la colaboraci\u00f3n con la FCQ a trav\u00e9s del apadrinamiento de quebrantahuesos. Cada cliente podr\u00e1 aportar voluntariamente una parte o el total del coste anual de apadrinamiento de un individuo y desde Senda coordinaremos los apadrinamientos con la Fundaci\u00f3n y enviaremos informaci\u00f3n durante el a\u00f1o a los participantes.<\/span><\/div><div class=\"pix-feature-list text-18       py-2 d-flex align-items-center\" ><i class=\"pixicon-contacts mr-2 text-primary\" ><\/i><span class=\"text-dark-opacity-5\"><strong>Email y Tel\u00e9fono de contacto: <\/strong><br>info@sendadelnorte.com <br>637690551 \/ 692938453 <br>Comercializado por Viajes Senda \u2013CIC 39142 <\/span><\/div><\/div><\/div>\t\t<\/div>\n\t\t\t\t<\/div>\n\t\t\t\t\t<\/div>\n\t\t<\/div>\n\t\t\t\t\t\t\t<\/div>\n\t\t<\/section>\n\t\t\t\t<section class=\"elementor-section elementor-top-section elementor-element elementor-element-63db62a1 elementor-section-boxed elementor-section-height-default elementor-section-height-default\" data-id=\"63db62a1\" data-element_type=\"section\">\n\t\t\t\t\t\t<div class=\"elementor-container elementor-column-gap-default\">\n\t\t\t\t\t<div class=\"elementor-column elementor-col-100 elementor-top-column elementor-element elementor-element-4dcf841c\" data-id=\"4dcf841c\" data-element_type=\"column\">\n\t\t\t<div class=\"elementor-widget-wrap elementor-element-populated\">\n\t\t\t\t\t\t\t\t<div class=\"elementor-element elementor-element-6258e3ea elementor-widget elementor-widget-pix-gallery\" data-id=\"6258e3ea\" data-element_type=\"widget\" data-widget_type=\"pix-gallery.default\">\n\t\t\t\t<div class=\"elementor-widget-container\">\n\t\t\t<div class=\"pix-lightbox\"><div class=\"pix_masonry  pix-3-columns\" style=\"width:100%\"><div class=\"grid-sizer\"><\/div><div class=\"gutter-sizer\"><\/div><div class=\" grid-item pix-mb-20 \"><a class=\"card pix-lightbox pix-lightbox-item pix-hover-item  rounded-lg tilt_small\" data-fancybox=\"gallery\" data-caption=\"\" href=\"https:\/\/soyecoturista.com\/ecoturismocientifico\/wp-content\/uploads\/2024\/06\/2-5.jpg\"><img loading=\"lazy\" decoding=\"async\" class=\"card-img  rounded-lg pix-gallery-item pix-gallery-sm\" src=\"https:\/\/soyecoturista.com\/ecoturismocientifico\/wp-content\/uploads\/2024\/06\/2-5.jpg\" width=\"1920\" height=\"1080\" alt=\"\" \/><div class=\"card-img-overlay d-flex align-items-end pix-p-10\"><\/div><\/a><\/div><div class=\" grid-item pix-mb-20 \"><a class=\"card pix-lightbox pix-lightbox-item pix-hover-item  rounded-lg tilt_small\" data-fancybox=\"gallery\" data-caption=\"\" href=\"https:\/\/soyecoturista.com\/ecoturismocientifico\/wp-content\/uploads\/2024\/06\/1-5-scaled.jpg\"><img loading=\"lazy\" decoding=\"async\" class=\"card-img  rounded-lg pix-gallery-item pix-gallery-sm\" src=\"https:\/\/soyecoturista.com\/ecoturismocientifico\/wp-content\/uploads\/2024\/06\/1-5-scaled.jpg\" width=\"2560\" height=\"1702\" alt=\"\" \/><div class=\"card-img-overlay d-flex align-items-end pix-p-10\"><\/div><\/a><\/div><\/div><\/div>\t\t<\/div>\n\t\t\t\t<\/div>\n\t\t\t\t\t<\/div>\n\t\t<\/div>\n\t\t\t\t\t\t\t<\/div>\n\t\t<\/section>\n\t\t\t\t\t\t\t<\/div>\n\t\t","protected":false},"excerpt":{"rendered":"<p>Li\u00e9bana. Parque Nacional Picos de Europa. Vertiente C\u00e1ntabra. ZEC Li\u00e9bana. Descripci\u00f3n de la Experiencia: Jornada en la que conoceremos los espacios naturales de Picos de Europa y Li\u00e9bana a trav\u00e9s del proyecto de conservaci\u00f3n y recuperaci\u00f3n del quebrantahuesos. Acompa\u00f1aremos a&#8230;<\/p>\n","protected":false},"author":1,"featured_media":4427,"menu_order":0,"template":"","portfolio-types":[64,66],"class_list":["post-4425","portfolio","type-portfolio","status-publish","has-post-thumbnail","hentry","portfolio-types-experiencias-fcq","portfolio-types-picos-de-europa"],"_links":{"self":[{"href":"https:\/\/soyecoturista.com\/ecoturismocientifico\/wp-json\/wp\/v2\/portfolio\/4425"}],"collection":[{"href":"https:\/\/soyecoturista.com\/ecoturismocientifico\/wp-json\/wp\/v2\/portfolio"}],"about":[{"href":"https:\/\/soyecoturista.com\/ecoturismocientifico\/wp-json\/wp\/v2\/types\/portfolio"}],"author":[{"embeddable":true,"href":"https:\/\/soyecoturista.com\/ecoturismocientifico\/wp-json\/wp\/v2\/users\/1"}],"version-history":[{"count":6,"href":"https:\/\/soyecoturista.com\/ecoturismocientifico\/wp-json\/wp\/v2\/portfolio\/4425\/revisions"}],"predecessor-version":[{"id":4553,"href":"https:\/\/soyecoturista.com\/ecoturismocientifico\/wp-json\/wp\/v2\/portfolio\/4425\/revisions\/4553"}],"wp:featuredmedia":[{"embeddable":true,"href":"https:\/\/soyecoturista.com\/ecoturismocientifico\/wp-json\/wp\/v2\/media\/4427"}],"wp:attachment":[{"href":"https:\/\/soyecoturista.com\/ecoturismocientifico\/wp-json\/wp\/v2\/media?parent=4425"}],"wp:term":[{"taxonomy":"portfolio-types","embeddable":true,"href":"https:\/\/soyecoturista.com\/ecoturismocientifico\/wp-json\/wp\/v2\/portfolio-types?post=4425"}],"curies":[{"name":"wp","href":"https:\/\/api.w.org\/{rel}","templated":true}]}}

Jornada de conservación del Quebrantahuesos en Liébana y Picos de Europa

<div data-elementor-type="wp-post" data-elementor-id="4425" class="elementor elementor-4425">
									<section class="elementor-section elementor-top-section elementor-element elementor-element-5b078dde elementor-section-boxed elementor-section-height-default elementor-section-height-default" data-id="5b078dde" data-element_type="section">
						<div class="elementor-container elementor-column-gap-default">
					<div class="elementor-column elementor-col-100 elementor-top-column elementor-element elementor-element-1108d075" data-id="1108d075" data-element_type="column">
			<div class="elementor-widget-wrap elementor-element-populated">
								<div class="elementor-element elementor-element-25842770 elementor-invisible elementor-widget elementor-widget-pix-feature-list" data-id="25842770" data-element_type="widget" data-widget_type="pix-feature-list.default">
				<div class="elementor-widget-container">
			<div id="duo-icon-179449216" class="slide-in-container w-100  " ><div class="py-2 animate-in" data-anim-type="fade-in-up" data-anim-delay="0"><div class="pix-feature-list text-18       py-2 d-flex align-items-center" ><i class="pixicon-map-pin-1-circle mr-2 text-primary" ></i><span class="text-dark-opacity-5">Liébana. Parque Nacional Picos de Europa. Vertiente Cántabra. ZEC Liébana.</span></div><div class="pix-feature-list text-18       py-2 d-flex align-items-center" ><i class="pixicon-note-edit mr-2 text-primary" ></i><span class="text-dark-opacity-5"><p class="text-dark-opacity-5"><strong>Descripción de la Experiencia: </strong>Jornada en la que conoceremos los espacios naturales de Picos de Europa y Liébana a través del proyecto de conservación y recuperación del quebrantahuesos.</p> <p class="text-dark-opacity-5">Acompañaremos a los técnicos de la Fundación para la conservación del Quebrantahuesos en su trabajo de seguimiento de este buitre barbado, donde nos contarán la historia de éxito de su reintroducción en la Cordillera Can-tábrica.</p> <p class="text-dark-opacity-5">Para completar la jornada, realizaremos una actividad de avistamiento de avifauna por los dominios del quebrantahuesos, descubriendo la gran diversidad de la comarca de Liébana.</strong></span></div><div class="pix-feature-list text-18       py-2 d-flex align-items-center" ><i class="pixicon-handshake mr-2 text-primary" ></i><span class="text-dark-opacity-5"><strong>Servicios Incluidos: </strong>Actividad acompañada del técnico de la FCQ (2-3h). Ruta guiada de avistamiento de aves con guía experta (2-3h). Préstamo de material óptico y material divulgativo.</span></div><div class="pix-feature-list text-18       py-2 d-flex align-items-center" ><i class="pixicon-clipboard-plus mr-2 text-primary" ></i><span class="text-dark-opacity-5"><strong>Servicio adicional transfer:</strong> Desplazamiento a la zona de realización de la actividad.</span></div><div class="pix-feature-list text-18       py-2 d-flex align-items-center" ><a class="d-flex align-items-center" href="https://www.lodgecampanariosdeazaba.com/contact/" target="_self"><i class="pixicon-money2 mr-2 text-primary" ></i><span class="text-dark-opacity-5"><strong>Precio por persona: </strong>consultar</span></a></div><div class="pix-feature-list text-18       py-2 d-flex align-items-center" ><i class="pixicon-users-1 mr-2 text-primary" ></i><span class="text-dark-opacity-5">Mínimo 2 personas y máximo 8 personas</span></div><div class="pix-feature-list text-18       py-2 d-flex align-items-center" ><i class="pixicon-calendar mr-2 text-primary" ></i><span class="text-dark-opacity-5"><strong>Época del año recomendada: </strong>De abril a octubre.</span></div><div class="pix-feature-list text-18       py-2 d-flex align-items-center" ><i class="pixicon-network mr-2 text-primary" ></i><span class="text-dark-opacity-5"><strong>Adaptación a público: </strong>Todos los públicos. Adaptada a público familiar (recomendado niños mayores de 10 años), no adaptado a discapacidad motora.</span></div><div class="pix-feature-list text-18       py-2 d-flex align-items-center" ><i class="pixicon-heart mr-2 text-primary" ></i><span class="text-dark-opacity-5"><strong>Compromiso Ecoturista: </strong>Compensación de huella de carbono. Se ofrecerá la colaboración con la FCQ a través del apadrinamiento de quebrantahuesos. Cada cliente podrá aportar voluntariamente una parte o el total del coste anual de apadrinamiento de un individuo y desde Senda coordinaremos los apadrinamientos con la Fundación y enviaremos información durante el año a los participantes.</span></div><div class="pix-feature-list text-18       py-2 d-flex align-items-center" ><i class="pixicon-contacts mr-2 text-primary" ></i><span class="text-dark-opacity-5"><strong>Email y Teléfono de contacto: </strong><br>info@sendadelnorte.com <br>637690551 / 692938453 <br>Comercializado por Viajes Senda –CIC 39142 </span></div></div></div>		</div>
				</div>
					</div>
		</div>
							</div>
		</section>
				<section class="elementor-section elementor-top-section elementor-element elementor-element-63db62a1 elementor-section-boxed elementor-section-height-default elementor-section-height-default" data-id="63db62a1" data-element_type="section">
						<div class="elementor-container elementor-column-gap-default">
					<div class="elementor-column elementor-col-100 elementor-top-column elementor-element elementor-element-4dcf841c" data-id="4dcf841c" data-element_type="column">
			<div class="elementor-widget-wrap elementor-element-populated">
								<div class="elementor-element elementor-element-6258e3ea elementor-widget elementor-widget-pix-gallery" data-id="6258e3ea" data-element_type="widget" data-widget_type="pix-gallery.default">
				<div class="elementor-widget-container">
			<div class="pix-lightbox"><div class="pix_masonry  pix-3-columns" style="width:100%"><div class="grid-sizer"></div><div class="gutter-sizer"></div><div class=" grid-item pix-mb-20 "><a class="card pix-lightbox pix-lightbox-item pix-hover-item  rounded-lg tilt_small" data-fancybox="gallery" data-caption="" href="https://soyecoturista.com/ecoturismocientifico/wp-content/uploads/2024/06/2-5.jpg"><img loading="lazy" decoding="async" class="card-img  rounded-lg pix-gallery-item pix-gallery-sm" src="https://soyecoturista.com/ecoturismocientifico/wp-content/uploads/2024/06/2-5.jpg" width="1920" height="1080" alt="" /><div class="card-img-overlay d-flex align-items-end pix-p-10"></div></a></div><div class=" grid-item pix-mb-20 "><a class="card pix-lightbox pix-lightbox-item pix-hover-item  rounded-lg tilt_small" data-fancybox="gallery" data-caption="" href="https://soyecoturista.com/ecoturismocientifico/wp-content/uploads/2024/06/1-5-scaled.jpg"><img loading="lazy" decoding="async" class="card-img  rounded-lg pix-gallery-item pix-gallery-sm" src="https://soyecoturista.com/ecoturismocientifico/wp-content/uploads/2024/06/1-5-scaled.jpg" width="2560" height="1702" alt="" /><div class="card-img-overlay d-flex align-items-end pix-p-10"></div></a></div></div></div>		</div>
				</div>
					</div>
		</div>
							</div>
		</section>
							</div>

<p>Liébana. Parque Nacional Picos de Europa. Vertiente Cántabra. ZEC Liébana. Descripción de la Experiencia: Jornada en la que conoceremos los espacios naturales de Picos de Europa y Liébana a través del proyecto de conservación y recuperación del quebrantahuesos. Acompañaremos a&#8230;</p>
